[INFO] cloning repository https://github.com/rhurkes/sware-server
[INFO] running `Command { std: "git" "-c" "credential.helper=" "-c" "credential.helper=/workspace/cargo-home/bin/git-credential-null" "clone" "--bare" "https://github.com/rhurkes/sware-server" "/workspace/cache/git-repos/https%3A%2F%2Fgithub.com%2Frhurkes%2Fsware-server", kill_on_drop: false }`
[INFO] [stderr] Cloning into bare repository '/workspace/cache/git-repos/https%3A%2F%2Fgithub.com%2Frhurkes%2Fsware-server'...
[INFO] running `Command { std: "git" "rev-parse" "HEAD", kill_on_drop: false }`
[INFO] [stdout] 69993ac1d473b7774a3850db953e8cb92816e443
[INFO] checking rhurkes/sware-server against try#72f88fc4e9458f89516a0b8b0868f3718aec5b47 for pr-74989
[INFO] running `Command { std: "git" "clone" "/workspace/cache/git-repos/https%3A%2F%2Fgithub.com%2Frhurkes%2Fsware-server" "/workspace/builds/worker-6/source", kill_on_drop: false }`
[INFO] [stderr] Cloning into '/workspace/builds/worker-6/source'...
[INFO] [stderr] done.
[INFO] validating manifest of git repo https://github.com/rhurkes/sware-server on toolchain 72f88fc4e9458f89516a0b8b0868f3718aec5b47
[INFO] running `Command { std: "/workspace/cargo-home/bin/cargo" "+72f88fc4e9458f89516a0b8b0868f3718aec5b47" "read-manifest" "--manifest-path" "Cargo.toml", kill_on_drop: false }`
[INFO] started tweaking git repo https://github.com/rhurkes/sware-server
[INFO] removed workspace from git repo https://github.com/rhurkes/sware-server
[INFO] removed path dependency domain from git repo https://github.com/rhurkes/sware-server
[INFO] removed path dependency parsers from git repo https://github.com/rhurkes/sware-server
[INFO] removed path dependency util from git repo https://github.com/rhurkes/sware-server
[INFO] finished tweaking git repo https://github.com/rhurkes/sware-server
[INFO] tweaked toml for git repo https://github.com/rhurkes/sware-server written to /workspace/builds/worker-6/source/Cargo.toml
[INFO] crate git repo https://github.com/rhurkes/sware-server already has a lockfile, it will not be regenerated
[INFO] running `Command { std: "/workspace/cargo-home/bin/cargo" "+72f88fc4e9458f89516a0b8b0868f3718aec5b47" "fetch" "--locked" "--manifest-path" "Cargo.toml", kill_on_drop: false }`
[INFO] [stderr] warning: dependency (domain) specified without providing a local path, Git repository, or version to use. This will be considered an error in future versions
[INFO] [stderr] warning: dependency (parsers) specified without providing a local path, Git repository, or version to use. This will be considered an error in future versions
[INFO] [stderr] warning: dependency (util) specified without providing a local path, Git repository, or version to use. This will be considered an error in future versions
[INFO] [stderr]     Updating crates.io index
[INFO] [stderr] error: the lock file /workspace/builds/worker-6/source/Cargo.lock needs to be updated but --locked was passed to prevent this
[INFO] [stderr] If you want to try to generate the lock file without accessing the network, use the --offline flag.
[INFO] the lockfile is outdated, regenerating it
[INFO] running `Command { std: "/workspace/cargo-home/bin/cargo" "+72f88fc4e9458f89516a0b8b0868f3718aec5b47" "generate-lockfile" "--manifest-path" "Cargo.toml" "-Zno-index-update", kill_on_drop: false }`
[INFO] [stderr]     Blocking waiting for file lock on package cache
[INFO] running `Command { std: "/workspace/cargo-home/bin/cargo" "+72f88fc4e9458f89516a0b8b0868f3718aec5b47" "fetch" "--locked" "--manifest-path" "Cargo.toml", kill_on_drop: false }`
[INFO] [stderr] warning: dependency (domain) specified without providing a local path, Git repository, or version to use. This will be considered an error in future versions
[INFO] [stderr] warning: dependency (parsers) specified without providing a local path, Git repository, or version to use. This will be considered an error in future versions
[INFO] [stderr] warning: dependency (util) specified without providing a local path, Git repository, or version to use. This will be considered an error in future versions
[INFO] [stderr]     Blocking waiting for file lock on package cache
[INFO] [stderr]  Downloading crates ...
[INFO] [stderr]   Downloaded tokio-tungstenite v0.11.0
[INFO] [stderr]   Downloaded tungstenite v0.11.1
[INFO] [stderr]   Downloaded multipart v0.17.0
[INFO] [stderr]   Downloaded bindgen v0.54.0
[INFO] [stderr]   Downloaded domain v0.5.3
[INFO] [stderr]   Downloaded warp v0.2.5
[INFO] [stderr]   Downloaded util v0.1.2
[INFO] [stderr]   Downloaded rocksdb v0.13.0
[INFO] [stderr]   Downloaded parsers v0.3.4
[INFO] [stderr]   Downloaded librocksdb-sys v6.11.4
[INFO] running `Command { std: "docker" "create" "-v" "/var/lib/crater-agent-workspace/builds/worker-6/target:/opt/rustwide/target:rw,Z" "-v" "/var/lib/crater-agent-workspace/builds/worker-6/source:/opt/rustwide/workdir:ro,Z" "-v" "/var/lib/crater-agent-workspace/cargo-home:/opt/rustwide/cargo-home:ro,Z" "-v" "/var/lib/crater-agent-workspace/rustup-home:/opt/rustwide/rustup-home:ro,Z" "-e" "SOURCE_DIR=/opt/rustwide/workdir" "-e" "CARGO_TARGET_DIR=/opt/rustwide/target" "-e" "CARGO_HOME=/opt/rustwide/cargo-home" "-e" "RUSTUP_HOME=/opt/rustwide/rustup-home" "-w" "/opt/rustwide/workdir" "-m" "1610612736" "--user" "0:0" "--network" "none" "rustops/crates-build-env@sha256:d92eaeed33fa75130ca1ee6c8a01d1ffb62bac859dfdfb3450e3e5d1c0146529" "/opt/rustwide/cargo-home/bin/cargo" "+72f88fc4e9458f89516a0b8b0868f3718aec5b47" "metadata" "--no-deps" "--format-version=1", kill_on_drop: false }`
[INFO] [stdout] dcfa2a898b6fe57cc00dbc1a2db4e0d485c54fcc0f5f018cf364dc07e9323def
[INFO] [stderr] WARNING: Your kernel does not support swap limit capabilities or the cgroup is not mounted. Memory limited without swap.
[INFO] running `Command { std: "docker" "start" "-a" "dcfa2a898b6fe57cc00dbc1a2db4e0d485c54fcc0f5f018cf364dc07e9323def", kill_on_drop: false }`
[INFO] running `Command { std: "docker" "inspect" "dcfa2a898b6fe57cc00dbc1a2db4e0d485c54fcc0f5f018cf364dc07e9323def", kill_on_drop: false }`
[INFO] running `Command { std: "docker" "rm" "-f" "dcfa2a898b6fe57cc00dbc1a2db4e0d485c54fcc0f5f018cf364dc07e9323def", kill_on_drop: false }`
[INFO] [stdout] dcfa2a898b6fe57cc00dbc1a2db4e0d485c54fcc0f5f018cf364dc07e9323def
[INFO] running `Command { std: "docker" "create" "-v" "/var/lib/crater-agent-workspace/builds/worker-6/target:/opt/rustwide/target:rw,Z" "-v" "/var/lib/crater-agent-workspace/builds/worker-6/source:/opt/rustwide/workdir:ro,Z" "-v" "/var/lib/crater-agent-workspace/cargo-home:/opt/rustwide/cargo-home:ro,Z" "-v" "/var/lib/crater-agent-workspace/rustup-home:/opt/rustwide/rustup-home:ro,Z" "-e" "SOURCE_DIR=/opt/rustwide/workdir" "-e" "CARGO_TARGET_DIR=/opt/rustwide/target" "-e" "CARGO_INCREMENTAL=0" "-e" "RUST_BACKTRACE=full" "-e" "RUSTFLAGS=--cap-lints=forbid" "-e" "CARGO_HOME=/opt/rustwide/cargo-home" "-e" "RUSTUP_HOME=/opt/rustwide/rustup-home" "-w" "/opt/rustwide/workdir" "-m" "1610612736" "--user" "0:0" "--network" "none" "rustops/crates-build-env@sha256:d92eaeed33fa75130ca1ee6c8a01d1ffb62bac859dfdfb3450e3e5d1c0146529" "/opt/rustwide/cargo-home/bin/cargo" "+72f88fc4e9458f89516a0b8b0868f3718aec5b47" "check" "--frozen" "--all" "--all-targets" "--message-format=json", kill_on_drop: false }`
[INFO] [stderr] WARNING: Your kernel does not support swap limit capabilities or the cgroup is not mounted. Memory limited without swap.
[INFO] [stdout] 3bc30ece1f2209ea3806f9d10361103e2bdec63f3550da57ea62a0c8c147ee0a
[INFO] running `Command { std: "docker" "start" "-a" "3bc30ece1f2209ea3806f9d10361103e2bdec63f3550da57ea62a0c8c147ee0a", kill_on_drop: false }`
[INFO] [stderr] warning: dependency (domain) specified without providing a local path, Git repository, or version to use. This will be considered an error in future versions
[INFO] [stderr] warning: dependency (parsers) specified without providing a local path, Git repository, or version to use. This will be considered an error in future versions
[INFO] [stderr] warning: dependency (util) specified without providing a local path, Git repository, or version to use. This will be considered an error in future versions
[INFO] [stderr]    Compiling memchr v2.3.3
[INFO] [stderr]    Compiling log v0.4.11
[INFO] [stderr]    Compiling syn v1.0.41
[INFO] [stderr]     Checking lazy_static v1.4.0
[INFO] [stderr]    Compiling typenum v1.12.0
[INFO] [stderr]    Compiling getrandom v0.1.15
[INFO] [stderr]    Compiling autocfg v0.1.7
[INFO] [stderr]     Checking arc-swap v0.4.7
[INFO] [stderr]    Compiling byteorder v1.3.4
[INFO] [stderr]     Checking once_cell v1.4.1
[INFO] [stderr]     Checking ppv-lite86 v0.2.9
[INFO] [stderr]     Checking futures-io v0.3.5
[INFO] [stderr]    Compiling quick-error v1.2.3
[INFO] [stderr]    Compiling serde v1.0.116
[INFO] [stderr]    Compiling unicode-width v0.1.8
[INFO] [stderr]    Compiling regex-syntax v0.6.18
[INFO] [stderr]    Compiling cfg-if v0.1.10
[INFO] [stderr]    Compiling bindgen v0.54.0
[INFO] [stderr]    Compiling vec_map v0.8.2
[INFO] [stderr]    Compiling termcolor v1.1.0
[INFO] [stderr]    Compiling ansi_term v0.11.0
[INFO] [stderr]    Compiling strsim v0.8.0
[INFO] [stderr]    Compiling peeking_take_while v0.1.2
[INFO] [stderr]    Compiling lazycell v1.3.0
[INFO] [stderr]    Compiling native-tls v0.2.4
[INFO] [stderr]    Compiling shlex v0.1.1
[INFO] [stderr]     Checking base64 v0.12.3
[INFO] [stderr]    Compiling rustc-hash v1.1.0
[INFO] [stderr]    Compiling ryu v1.0.5
[INFO] [stderr]     Checking cpuid-bool v0.1.2
[INFO] [stderr]     Checking openssl-probe v0.1.2
[INFO] [stderr]    Compiling serde_json v1.0.57
[INFO] [stderr]     Checking opaque-debug v0.3.0
[INFO] [stderr]    Compiling encoding_rs v0.8.24
[INFO] [stderr]     Checking dtoa v0.4.6
[INFO] [stderr]     Checking remove_dir_all v0.5.3
[INFO] [stderr]     Checking utf-8 v0.7.5
[INFO] [stderr]    Compiling serde_derive v1.0.116
[INFO] [stderr]     Checking urlencoding v1.1.1
[INFO] [stderr]     Checking scoped-tls v1.0.0
[INFO] [stderr]     Checking ipnet v2.3.0
[INFO] [stderr]     Checking parsers v0.3.4
[INFO] [stderr]     Checking util v0.1.2
[INFO] [stderr]    Compiling generic-array v0.14.4
[INFO] [stderr]    Compiling nom v5.1.2
[INFO] [stderr]    Compiling num-traits v0.2.12
[INFO] [stderr]    Compiling num-integer v0.1.43
[INFO] [stderr]     Checking input_buffer v0.3.1
[INFO] [stderr]     Checking futures-channel v0.3.5
[INFO] [stderr]    Compiling clang-sys v0.29.3
[INFO] [stderr]     Checking tracing-core v0.1.16
[INFO] [stderr]     Checking thread_local v1.0.1
[INFO] [stderr]    Compiling humantime v1.3.0
[INFO] [stderr]    Compiling textwrap v0.11.0
[INFO] [stderr]     Checking futures-task v0.3.5
[INFO] [stderr]     Checking block-padding v0.1.5
[INFO] [stderr]    Compiling rand_chacha v0.1.1
[INFO] [stderr]    Compiling rand_pcg v0.1.2
[INFO] [stderr]    Compiling rand v0.6.5
[INFO] [stderr]    Compiling libc v0.2.77
[INFO] [stderr]    Compiling bitflags v1.2.1
[INFO] [stderr]     Checking headers-core v0.2.0
[INFO] [stderr]     Checking net2 v0.2.35
[INFO] [stderr]     Checking signal-hook-registry v1.2.1
[INFO] [stderr]     Checking socket2 v0.3.15
[INFO] [stderr]     Checking rand_os v0.1.3
[INFO] [stderr]    Compiling unicase v2.6.0
[INFO] [stderr]     Checking tracing v0.1.19
[INFO] [stderr]     Checking want v0.3.0
[INFO] [stderr]     Checking rand_core v0.5.1
[INFO] [stderr]     Checking mio v0.6.22
[INFO] [stderr]     Checking aho-corasick v0.7.13
[INFO] [stderr]     Checking buf_redux v0.8.4
[INFO] [stderr]     Checking twoway v0.1.8
[INFO] [stderr]    Compiling jobserver v0.1.21
[INFO] [stderr]    Compiling atty v0.2.14
[INFO] [stderr]    Compiling which v3.1.1
[INFO] [stderr]    Compiling mime_guess v2.0.3
[INFO] [stderr]     Checking rand_chacha v0.2.2
[INFO] [stderr]    Compiling clap v2.33.3
[INFO] [stderr]    Compiling cc v1.0.59
[INFO] [stderr]     Checking mio-uds v0.6.8
[INFO] [stderr]     Checking generic-array v0.12.3
[INFO] [stderr]     Checking rand v0.7.3
[INFO] [stderr]     Checking chrono v0.4.15
[INFO] [stderr]     Checking block-buffer v0.7.3
[INFO] [stderr]     Checking digest v0.8.1
[INFO] [stderr]     Checking digest v0.9.0
[INFO] [stderr]     Checking block-buffer v0.9.0
[INFO] [stderr]    Compiling regex v1.3.9
[INFO] [stderr]     Checking sha-1 v0.8.2
[INFO] [stderr]     Checking sha-1 v0.9.1
[INFO] [stderr]     Checking headers v0.3.2
[INFO] [stderr]     Checking tungstenite v0.11.1
[INFO] [stderr]     Checking tempfile v3.1.0
[INFO] [stderr]     Checking domain v0.5.3
[INFO] [stderr]     Checking multipart v0.17.0
[INFO] [stderr]    Compiling openssl-sys v0.9.58
[INFO] [stderr]    Compiling libloading v0.5.2
[INFO] [stderr]    Compiling cexpr v0.4.0
[INFO] [stderr]     Checking env_logger v0.7.1
[INFO] [stderr]    Compiling openssl v0.10.30
[INFO] [stderr]     Checking serde_urlencoded v0.6.1
[INFO] [stderr]     Checking bincode v1.3.1
[INFO] [stderr]    Compiling pin-project-internal v0.4.23
[INFO] [stderr]    Compiling tokio-macros v0.2.5
[INFO] [stderr]     Checking tokio v0.2.22
[INFO] [stderr]     Checking pin-project v0.4.23
[INFO] [stderr]     Checking futures-util v0.3.5
[INFO] [stderr]     Checking tracing-futures v0.2.4
[INFO] [stderr]     Checking tokio-util v0.3.1
[INFO] [stderr]     Checking tokio-tls v0.3.1
[INFO] [stderr]    Compiling librocksdb-sys v6.11.4
[INFO] [stderr]     Checking h2 v0.2.6
[INFO] [stderr]     Checking futures v0.3.5
[INFO] [stderr]     Checking tokio-tungstenite v0.11.0
[INFO] [stderr]     Checking hyper v0.13.7
[INFO] [stderr] error: could not compile `hyper`.
[INFO] [stderr] 
[INFO] [stderr] Caused by:
[INFO] [stderr]   process didn't exit successfully: `rustc --crate-name hyper --edition=2018 /opt/rustwide/cargo-home/registry/src/github.com-1ecc6299db9ec823/hyper-0.13.7/src/lib.rs --error-format=json --json=diagnostic-rendered-ansi --crate-type lib --emit=dep-info,metadata -C embed-bitcode=no -C debuginfo=2 --cfg 'feature="default"' --cfg 'feature="runtime"' --cfg 'feature="socket2"' --cfg 'feature="stream"' --cfg 'feature="tcp"' -C metadata=62a6930215457780 -C extra-filename=-62a6930215457780 --out-dir /opt/rustwide/target/debug/deps -L dependency=/opt/rustwide/target/debug/deps --extern bytes=/opt/rustwide/target/debug/deps/libbytes-94736955f1f3c1e5.rmeta --extern futures_channel=/opt/rustwide/target/debug/deps/libfutures_channel-8b8b1e7fc5e724ee.rmeta --extern futures_core=/opt/rustwide/target/debug/deps/libfutures_core-c17f700371417c3d.rmeta --extern futures_util=/opt/rustwide/target/debug/deps/libfutures_util-acc1adc93d6ac8fa.rmeta --extern h2=/opt/rustwide/target/debug/deps/libh2-8ebe76395d87de15.rmeta --extern http=/opt/rustwide/target/debug/deps/libhttp-2ac59fce0ba35b4b.rmeta --extern http_body=/opt/rustwide/target/debug/deps/libhttp_body-1c0fb6f0d4954c78.rmeta --extern httparse=/opt/rustwide/target/debug/deps/libhttparse-d5e9538dc14d20d5.rmeta --extern itoa=/opt/rustwide/target/debug/deps/libitoa-565971dbbe11d938.rmeta --extern pin_project=/opt/rustwide/target/debug/deps/libpin_project-1650e811c6b1b801.rmeta --extern socket2=/opt/rustwide/target/debug/deps/libsocket2-10e729e2f9b1414e.rmeta --extern time=/opt/rustwide/target/debug/deps/libtime-f89d754ff005e242.rmeta --extern tokio=/opt/rustwide/target/debug/deps/libtokio-9323f896f1f3aace.rmeta --extern tower_service=/opt/rustwide/target/debug/deps/libtower_service-d9498227d942efc0.rmeta --extern tracing=/opt/rustwide/target/debug/deps/libtracing-06cafc137e62970c.rmeta --extern want=/opt/rustwide/target/debug/deps/libwant-e1e9f6635ee204e6.rmeta --cap-lints allow --cap-lints=forbid` (signal: 9, SIGKILL: kill)
[INFO] [stderr] warning: build failed, waiting for other jobs to finish...
[INFO] [stderr] The following warnings were emitted during compilation:
[INFO] [stderr] 
[INFO] [stderr] warning: c++: fatal error: Killed signal terminated program cc1plus
[INFO] [stderr] warning: compilation terminated.
[INFO] [stderr] warning: c++: fatal error: Killed signal terminated program cc1plus
[INFO] [stderr] warning: compilation terminated.
[INFO] [stderr] warning: c++: fatal error: Killed signal terminated program cc1plus
[INFO] [stderr] warning: compilation terminated.
[INFO] [stderr] warning: c++: fatal error: Killed signal terminated program cc1plus
[INFO] [stderr] warning: compilation terminated.
[INFO] [stderr] warning: c++: fatal error: Killed signal terminated program cc1plus
[INFO] [stderr] warning: compilation terminated.
[INFO] [stderr] warning: c++: fatal error: Killed signal terminated program cc1plus
[INFO] [stderr] warning: compilation terminated.
[INFO] [stderr] warning: c++: fatal error: Killed signal terminated program cc1plus
[INFO] [stderr] warning: compilation terminated.
[INFO] [stderr] warning: c++: fatal error: Killed signal terminated program cc1plus
[INFO] [stderr] warning: compilation terminated.
[INFO] [stderr] 
[INFO] [stderr] error: build failed
[INFO] running `Command { std: "docker" "inspect" "3bc30ece1f2209ea3806f9d10361103e2bdec63f3550da57ea62a0c8c147ee0a", kill_on_drop: false }`
[INFO] running `Command { std: "docker" "rm" "-f" "3bc30ece1f2209ea3806f9d10361103e2bdec63f3550da57ea62a0c8c147ee0a", kill_on_drop: false }`
[INFO] [stdout] 3bc30ece1f2209ea3806f9d10361103e2bdec63f3550da57ea62a0c8c147ee0a
